
Let n(i) = -i**2 + 1 - 2*i - 1 + i**3. Let d be n(3). Calculate the remainder when 23 is divided by 3 - (0 + 3 - d).
11
Let z = 41 + 7. What is the remainder when z is divided by 35?
13
Calculate the remainder when 14 is divided by 17/3 + (-8)/12.
4
What is the remainder when 19/(-9 + 12 + -2*1) is divided by 7?
5
Let i = -4 - -7. Let v(p) = p**2 + 6*p - 1. Let j be v(-7). Calculate the remainder when (-44)/(-12) - (-2)/j is divided by i.
1
Let g be 4/2*(-6)/(-6). Suppose g*r + 3*r - 155 = 0. Calculate the remainder when r is divided by 16.
15
Let r = 84 - 53. What is the remainder when r is divided by 8?
7
Calculate the remainder when 37 is divided by (-25 - 1/1)/(-2).
11
Let o(c) = 3*c - 15. What is the remainder when o(11) is divided by 7?
4
Suppose 0 = 4*m + 5*p - 67, -3*p - 5 = -5*m + 51. Let i be 1 + (0 - -1) - 0. What is the remainder when ((-114)/(-18))/(i/12) is divided by m?
12
Let p(n) = n + 2. Suppose 2*l - 21 + 5 = -5*q, q = l - 1. What is the remainder when p(l) is divided by 4?
1
Suppose 0*j = -4*j - 152. Let z = j - -69. What is the remainder when z is divided by 16?
15
Let y be (-234)/(-8) + 1/(-4). Suppose -v + 15 = 4*v, 18 = -3*p - 3*v. Let f = y + p. Calculate the remainder when f is divided by 11.
9
Let v = -22 + 52. What is the remainder when v is divided by 16?
14
Let d = 147 + -137. Let n = -25 - -41. Calculate the remainder when n is divided by d.
6
Let o = -184 - -376. What is the remainder when 70 is divided by o/8 - 0/(-1)?
22
Let v = -60 + 95. Suppose 4*q - 159 = -v. Calculate the remainder when q is divided by 16.
15
Let x(r) = -r**3 + 10*r**2 - r + 13. Let z be x(10). Calculate the remainder when 5/2*(-1 + z) is divided by 2.
1
Let x(z) = 5*z**3 + 7*z**2 + z - 1. Let a(y) = -14*y**3 - 20*y**2 - 3*y + 4. Let r(n) = 6*a(n) + 17*x(n). Calculate the remainder when 19 is divided by r(0).
5
Let n = -76 - -108. Calculate the remainder when n is divided by 25.
7
Let f(m) = -m**3 + 4*m**2 - m - 4. Let d be f(3). Suppose w - 5 = d. Calculate the remainder when 20 is divided by w.
6
Let k = 2 + -4. Calculate the remainder when 37 is divided by 19/k*(-2 + 0).
18
Let a(j) = 53*j**2 + 2*j + 2. Calculate the remainder when a(-1) is divided by 28.
25
Let s = 25 + 25. Let l = s - 7. Calculate the remainder when l is divided by 15.
13
Suppose -i - 5*o + 8*o = -9, -56 = -4*i + 2*o. What is the remainder when 69 is divided by i?
9
Let f = -121 + 128. What is the remainder when 26 is divided by f?
5
Let c(s) = 3*s**2 + 3*s + 1. Let z(p) = -2*p**2 - 4*p - 1. Let u(t) = 4*c(t) + 3*z(t). What is the remainder when u(-1) is divided by 4?
3
Suppose -5*n - 3 = -2*n. Let v = -10 + 10. Let c = v - n. What is the remainder when 1 is divided by c?
0
Suppose -4*q + 6*q = -3*g + 213, -4*g = -3*q + 277. Calculate the remainder when q is divided by 20.
19
Suppose 2*d = 1 + 5. Suppose 2*q = 5*p + 29, d*p = -2*q - 3*q + 57. Suppose 0 = -5*z + 55 + 175. Calculate the remainder when z is divided by q.
10
Let m(z) = z**2 - 4. Let p be m(0). Let o(k) = -k**3 - k**2 + k + 25. What is the remainder when o(0) is divided by 282/22 - p/22?
12
Let x(h) = -h**3 - 8*h**2 - 4*h + 8. Let z be x(-8). Let u be z + 2/(-4)*2. Let w = 76 - u. Calculate the remainder when w is divided by 13.
11
Let d = 104 - 62. What is the remainder when d is divided by (-22)/(-3)*24/16?
9
Let s = 60 + -41. Calculate the remainder when 37 is divided by s.
18
Let r(g) = -g. What is the remainder when 11*(-2 + 3) - 1 is divided by r(-6)?
4
Calculate the remainder when (1 - 3)/(4/(-26)) is divided by 8.
5
Let k = 31 - 9. Suppose s + 56 = 3*g + 6, -4*s = -4*g + 72. What is the remainder when k is divided by ((-3)/6)/((-1)/g)?
6
Let t = 137 + -24. What is the remainder when t is divided by 29?
26
Let h(v) be the second derivative of -v**4/12 + v**3 - 2*v**2 - v. Let b be h(6). Let z(p) = -3*p - 4. What is the remainder when z(b) is divided by 5?
3
Suppose 4*u + 24 = -0. Let c = 14 + u. Suppose 3*z - 47 = 22. What is the remainder when z is divided by c?
7
Let y(q) = q**2 - 2*q - 7. Let t be y(3). Let o = 9 + t. Calculate the remainder when 12 is divided by o.
2
Let s be ((-25)/2)/(1/(-2)). Suppose 6*p - s = p. Suppose -p*m = -2*l + 19, 3*l + 5*m = m - 6. Calculate the remainder when l is divided by 2.
0
Let u be 6*((-14)/4)/7. Calculate the remainder when 25 is divided by 3*2/u + 9.
4
Let s(q) = -4*q**2 - 15*q - 1. Let m(c) = -c**2 - c. Let x(k) = -3*m(k) + s(k). What is the remainder when x(-8) is divided by 16?
15
Let y = 280 - 167. What is the remainder when y is divided by 23?
21
Let f = 58 + -51. What is the remainder when 18 is divided by f?
4
Let n = -38 + 53. Let p = 25 - n. Calculate the remainder when 37 is divided by p.
7
Let s(q) be the first derivative of -q**4/4 + 5*q**3/3 + q**2/2 - 5*q + 3. Calculate the remainder when 59 is divided by s(4).
14
Let u(q) = q + 2. Let n be u(-3). Suppose 2*i + 3*m - 95 = -3*i, 10 = -2*m. Calculate the remainder when i is divided by -6*n*(0 - -2).
10
Let o(g) = -10*g - 4. What is the remainder when 178 is divided by o(-4)?
34
Suppose u = -9 - 1. Let g = 13 + u. Calculate the remainder when 10 is divided by g.
1
Suppose 5 = 2*u - 7*u. Calculate the remainder when 23 is divided by (-1 + -7)*u - 4.
3
Let h = 13 + 136. What is the remainder when h is divided by 19?
16
Suppose -4*j + 9 = 4*n + n, -4*j - 1 = -5*n. Let i = -9 - -13. Let a = i - n. Calculate the remainder when a is divided by 2.
1
Let a = -6 + 12. Suppose 3*g + 2*b = 45, -b = 3 - a. Calculate the remainder when g is divided by 2*21/(-12)*-2.
6
What is the remainder when ((-2)/6)/((-380)/(-381) + -1) is divided by 32?
31
Let h = -1 + 6. Suppose 0*s - 36 = -2*s. Calculate the remainder when s is divided by h.
3
Suppose -3*d = -195 - 36. Suppose -d = -4*j + 63. Suppose 0 = -3*p + 13 + j. Calculate the remainder when p is divided by 6.
4
What is the remainder when 45 is divided by 1/((-2)/((-5)/((-20)/(-96))))?
9
Let k(u) = -u**3 - 11*u**2 - 5*u + 10. Suppose 22 = -4*q + 5*q. What is the remainder when k(-11) is divided by q?
21
Let w = 3 + 2. Suppose -b + 2*b - 3*j = 26, -22 = -b + w*j. Suppose -3*z - 3 = 0, -2*c + 55 = c - 4*z. What is the remainder when b is divided by c?
15
Let k(b) = 2*b - 9. Let c be k(11). Suppose -c = -s + 11. Calculate the remainder when 70 is divided by s.
22
Suppose -15 = 6*z - 45. Suppose z*w - w = 20. Calculate the remainder when w is divided by 4.
1
Let c be 0 + 1 - -19 - 0. Let l = c - 8. Calculate the remainder when 22 is divided by l.
10
Let j(w) = w - 6. Let c(m) = 2*m - 9. Let p(y) = 5*c(y) - 7*j(y). Suppose 3*g + 38 = 2*s - 5, 5*g = s - 4. Calculate the remainder when s is divided by p(6).
14
Suppose 0 = -2*y + 6*y - 12. Suppose -3 = -y*s, 2*j - 349 = -3*j - 4*s. What is the remainder when j is divided by 18?
15
Suppose -4*t + 9*t = 190. Let f = -18 + t. Calculate the remainder when 58 is divided by f.
18
Suppose 19*u = 17*u + 36. What is the remainder when u is divided by 8?
2
Let o = -60 - -108. Suppose -2*v + 5*d = -95, 3*v = d + 158 - o. Calculate the remainder when v is divided by (11 - 1) + 3 + -1.
11
Let l be (-2 + -25)*(-3 - -2). Suppose -l = -4*w + 81. Suppose -4*t = -0*t - 56. Calculate the remainder when w is divided by t.
13
Suppose -3*u = -4*u + 17. Suppose -b + 5*i + 26 = 0, -5*b + 8*i = 3*i - 50. What is the remainder when u is divided by b?
5
Let o = 47 - 22. What is the remainder when 48 is divided by o?
23
Suppose 3*t = 87 + 15. Let g(r) = 4*r + 1. Calculate the remainder when t is divided by g(2).
7
Let t = 75 + -51. Let a(v) = -v**2 + 16*v - 26. What is the remainder when t is divided by a(13)?
11
Let b(o) = -3*o + 2. What is the remainder when 446/14 + 2/14 is divided by b(-3)?
10
Let b(h) = -h**3 - 12*h**2 - 5*h + 9. Let n(l) = -5*l**3 - 61*l**2 - 25*l + 44. Let z(d) = 11*b(d) - 2*n(d). What is the remainder when z(-10) is divided by 16?
13
Let y(b) = -14*b. Let a be y(-6). Suppose 0*k - 130 = 5*k. Let j = a + k. Calculate the remainder when j is divided by 20.
18
Let q(i) = 4*i**2 - i - 1. Let c be q(-4). Suppose -5*t + 217 - c = 0. What is the remainder when t is divided by 2*20*(-4)/(-10)?
14
Let s(g) = g**3 + 4*g**2 - 4*g - 4. Calculate the remainder when 35 is divided by s(-4).
11
Calculate the remainder when 53 + (-2)/